 - 2*c**2. Let k(f) be the third derivative of u(f). What is the tens digit of k(2)?
1
Let v be 8/12 + 2/(-3). Let f = -4 + v. Let b = -3 - f. What is the units digit of b?
1
Suppose 0 = -g + 2*v + 50, -5*g = -3*v - 130 - 106. Let y = g - 29. What is the units digit of y?
7
Let k(q) = -q. Let j be k(-5). Suppose 4*d = -3*i + 34, -i + 0*d = -5*d - j. What is the tens digit of i?
1
What is the units digit of -9 + 7 - (-37 + 1)?
4
What is the units digit of 38/(-5)*(-5)/2?
9
What is the units digit of 3/1 + (-2 - -284)?
5
What is the units digit of 3 + 1 + (153 - 2)?
5
Let o be (-2)/10 - 116/(-5). Let z = -16 + o. What is the units digit of z?
7
Suppose 29 + 31 = 2*p. What is the tens digit of p?
3
Let v(h) = -h**3 + 5*h**2 + 7*h - 2. Let j be v(6). Let z = 12 - 9. Suppose -2*w - 16 = -j*x + 2, z*x + w = 1. What is the units digit of x?
2
Let n be (-32)/(-2) + 1/(-1). Let m = n - 8. Suppose 3*h = m + 17. What is the units digit of h?
8
Let z(t) = -t**2 + 6*t + 5. Let q be z(8). Let s = -1 - q. What is the units digit of s?
0
Let w(u) = u**2 + 3*u + 2. Let f be w(-2). Suppose -k + 10 = -f. What is the tens digit of k?
1
Suppose -5*p + 10 = -35. Let x(u) = u**3 - 10*u**2 + 12*u - 2. What is the tens digit of x(p)?
2
Let y(u) = u**2 - 12*u. Let q be y(6). Let h = 58 + q. Let t = h - 15. What is the units digit of t?
7
Let o = 1 + 4. Suppose -5*u - o*d + 5 = 0, 4*d = -2*u + u - 5. Suppose -4*y = -u*y - 22. What is the units digit of y?
2
Let o(d) = -2*d**3 - 8 - 9*d**2 + 3*d**3 + 0*d**2 - 2*d**3 + 8*d. Suppose 2*w + 30 = -w. What is the tens digit of o(w)?
1
Suppose -21*u - 248 = -23*u. What is the units digit of u?
4
Let f(w) be the second derivative of -3*w**5/20 - w**4/6 + w**3/6 - w**2 + 2*w. What is the units digit of f(-2)?
2
Suppose 4*c = -2*g - 30, -4*c = -g - 0*g - 15. Let v(w) = -w**3 - 14*w**2 + 14*w + 10. What is the units digit of v(g)?
5
Let s(u) = u**2 + 7*u + 2. Let c be s(-7). Suppose c*i = -i. Let z(h) = -h + 14. What is the units digit of z(i)?
4
Suppose z - 7 = -0*z + 4*g, -2*z = 2*g - 14. What is the units digit of 9/z - (-10)/(-35)?
1
Let x(p) = 8*p**3 - 1. Let u be x(1). Suppose b - 27 = -u. Suppose b = 7*j - 3*j. What is the units digit of j?
5
What is the tens digit of (-2)/3 - 3968/(-12)?
3
Let u(i) = -4*i - 4. Let j be u(-3). Let w(m) = m + 2. What is the units digit of w(j)?
0
What is the tens digit of (-3 + (-33)/(-6))*12?
3
Suppose 5*y - 3*b - 7 = 0, 5*b = 2*y + 3*b - 2. Suppose -2 - 2 = y*s. Let l = 3 + s. What is the units digit of l?
1
Let b = 2 + 3. Let r = -2 + b. Suppose r*v - 3*c = 2*v + 16, -24 = -3*v + c. What is the units digit of v?
7
Let h = 250 - 163. What is the units digit of h?
7
Let i(a) = -6*a**3 - 1. Let c be i(-1). Suppose -2*o - u = 1, 2*o - c = -0*u + u. What is the units digit of o?
1
Let l(s) = 2*s + 42. Let q be l(0). Suppose 14 - q = -i. What is the tens digit of i?
2
Suppose -4*n = -5*n + 18. What is the units digit of n?
8
Let o = 149 + -14. What is the hundreds digit of o?
1
Let x(h) be the first derivative of 2*h**3 + h**2/2 + 4*h - 9. What is the tens digit of x(-3)?
5
What is the units digit of 1*1/(3/33)?
1
Let h(c) = c - 7. Let n be h(7). Let z = n + 0. Suppose z = 2*j - 0 - 36. What is the units digit of j?
8
Let n = -9 - -57. What is the tens digit of n?
4
Let i = -10 + 13. Suppose 0 = -4*o + 3*u - 5*u + 22, -i*o - u = -17. What is the units digit of o?
6
Let u(t) = 12*t**2 + t - 1. Let g be u(2). What is the tens digit of (-2)/7 + 749/g?
1
What is the tens digit of 6*2/((-8)/(-10))?
1
Suppose -d = 2*x - 19, 2*x = 2*d - 0 - 14. What is the units digit of d?
1
Suppose -2*r + 6 = -2. What is the tens digit of 15 - (1/1 - r)?
1
Suppose -5*v = -2*p - 23, 5*p + v = -3*v - 8. Let y be 39/9 + p/(-6). Suppose -4*f = y*a - 3*f - 49, 5*f = 20. What is the units digit of a?
9
Let u = -18 - -31. Suppose 5 + u = 3*p. What is the units digit of p?
6
Let i(w) = 12*w. Let n be i(-1). Let j(f) = -f**2 - 15*f - 1. What is the tens digit of j(n)?
3
What is the units digit of (-368)/(-14) - 12/42?
6
Let z(y) = -y**3 - 8*y**2 - 9*y. What is the units digit of z(-7)?
4
Let x = 24 + -14. Let n(k) = 2*k**3 - 10*k**2 + k**3 - 3 + k - 2*k**3. What is the units digit of n(x)?
7
Let s be (0 + 3/4)*-16. Let w be 1 - 1 - s/2. Suppose 4*z - v - 1 = w, 3*z = 3*v + 12. What is the units digit of z?
1
Suppose -10 = 6*w - 532. What is the units digit of w?
7
Suppose p - 140 = -3*h, -4*p + 4*h = -0*h - 640. What is the tens digit of p?
5
Let h = -19 + 40. Suppose -3*g + 2*g - h = -5*l, -5*l + 13 = -3*g. What is the units digit of g?
4
Let k = 2 - -1. Suppose l + 3*x = 64, 3*x - 81 = -k*l + 81. What is the tens digit of l?
4
Let o = 9 - 11. Let q = o + 16. What is the tens digit of q?
1
Let s(i) = 2*i**3 - 2*i**2 - 2*i + 4. What is the units digit of s(3)?
4
Let l be 5/(-15) - 46/6. Let p = l - -6. What is the units digit of 10 + (p - 1) + 2?
9
Let g be (10/(-25))/(2/(-10)). Suppose -2*s = -g*o + 26, o + 0*o = -3*s + 1. What is the tens digit of o?
1
Suppose -2*v + 8 = -3*i + i, -i - 4 = v. Suppose v = 5*y - 7 - 8. What is the tens digit of (y + -6)*14/(-3)?
1
Let x be ((-40)/(-12))/((-4)/(-6)). Suppose 59 + 31 = x*k. What is the units digit of k?
8
Suppose -1 = 2*a - 39. Let d = -9 + a. What is the units digit of d?
0
Suppose 12 = 3*d - 9. Let k(n) = -n**2 + 8*n + 6. What is the units digit of k(d)?
3
What is the tens digit of (52/(-5))/((-3)/15)?
5
Let v(i) = 4*i**2 - i. Let h be v(1). Suppose -2*j = 3*z - 20, h*j - 9 - 12 = -3*z. Suppose -3*a + z = 5*o, 3 + 7 = 5*a - o. What is the units digit of a?
2
Let w = -7 - -9. Suppose 4*h = -5*y + 340, w*h + 226 = 3*y - 0*h. Suppose -3*v + y = v. What is the tens digit of v?
1
Let m = -18 + 12. Let k be (-82)/m - (-1)/3. What is the units digit of k/(-1 - -3)*1?
7
Let u(p) = -p**3 - 9*p**2 + 13*p. Let d(h) be the second derivative of -h**4/6 + h**3/2 - 3*h. Let a(g) = 9*d(g) - 2*u(g). What is the units digit of a(1)?
3
Let v = -6 - -27. What is the units digit of v?
1
Let j(y) = 3*y - 10. Let g = -8 + 16. What is the units digit of j(g)?
4
Suppose 0*h - 96 = -5*h + k, -2 = 2*k. What is the units digit of h?
9
Let q be (-3)/(4/((-64)/(-12))). What is the units digit of (6/(-5))/(q/110)?
3
Let w(a) = -16*a + 89. What is the units digit of w(5)?
9
Suppose -2*y + 3*o + 78 = 0, 5*o = -3*y + 95 + 22. What is the units digit of y?
9
Suppose 6*t - 5*t - 16 = 0. What is the units digit of t?
6
Let i = -60 + 86. Let s = 8 + 0. What is the units digit of i/s - (-2)/(-8)?
3
Let v be (3 - 43/2)*2. Let a = -23 - v. What is the tens digit of a?
1
Suppose -2*a + 0*a - z = 12, 0 = -3*a - z - 20. Let q(r) = r**2 + 7*r - 6. Let k be q(a). What is the units digit of (-2)/(4/(-17))*k?
7
Let d = -24 - -51. What is the tens digit of d?
2
Suppose -r - 4*r + 2*o + 398 = 0, -o + 230 = 3*r. What is the tens digit of r?
7
Let n be 170/4 + (-3)/6. What is the units digit of ((-1)/(-2))/(3/n)?
7
Let q(b) = 5*b**3 + 16*b**2 - 9*b - 17. Let a(m) = 4*m**3 + 15*m**2 - 9*m - 16. Let w(s) = -6*a(s) + 5*q(s). What is the tens digit of w(9)?
1
Let g be 4/(-14) - 612/14. What is the units digit of 4/((-140)/g + -3)?
2
Let b = 13 - 8. What is the units digit of 2/b + 66/10?
7
Suppose 5*a = -x, a - 1 - 3 = 0. Let c = x - -28. What is the units digit of c?
8
Suppose 0 = -9*y + 19 + 17. What is the units digit of y?
4
Let p(q) = -q + 11. Let v be p(10). Suppose v + 2 = j. Suppose j*s = -0*s + 9. What is the units digit of s?
3
Suppose -2*m - 3*m - 190 = 0. Let q = -18 - m. What is the units digit of q?
0
Let a(g) = -g**3 - 20*g**2 - 23*g - 14. What is the units digit of a(-19)?
2
Suppose -y = -6*y - 25. Let m = y + 14. Suppose -3*h + 9 = -m. What is the units digit of h?
6
Let o(g) = 79*g + 2. Let d be o(2). Suppose 2*j - 6*j = -d. Suppose 0 = 2*y - 6*y + j. What is the units digit of y?
0
Let f be 2 + -7 + -2 + 1. What is the tens digit of ((-104)/(-6))/((-4)/f)?
2
Let b(s) = 2*s**2 - 13*s + 10. Let j be b(6). Suppose 0 = -4*u + 2*a - 6, -3*u - 6 = -u - 2*a. Let r = j + u. What is the units digit of r?
4
Let n(y) = 0*y + 2*y - 4 + y**2 - 1 - y. Let r be n(4). Suppose -4*t + r = -t. What is the units digit of t?
5
Let c(k) = -3*k - 1. Let x be c(-7). Let s(v) = -v**3 - 2*v**2 + v - 2. Let d be s(-3). Suppose 0 = d*